{"id":5320,"date":"2024-12-13T10:48:44","date_gmt":"2024-12-13T13:48:44","guid":{"rendered":"http:\/\/colegioaugustowinter.cl\/sitio\/?page_id=5320"},"modified":"2024-12-13T10:54:52","modified_gmt":"2024-12-13T13:54:52","slug":"bases-de-licitacion","status":"publish","type":"page","link":"http:\/\/colegioaugustowinter.cl\/sitio\/?page_id=5320","title":{"rendered":"Bases de Licitaci\u00f3n"},"content":{"rendered":"\n<p><strong>Bases Licitaci\u00f3n:&nbsp;<\/strong><br><strong>Capacitaci\u00f3n en estrategias efectivas de aprendizajes de la lectura y comprensi\u00f3n lectora como eje transversal del \u00e9xito escolar<\/strong> <\/p>\n\n\n\n<p><\/p>\n\n\n\n<blockquote class=\"wp-block-quote is-layout-flow wp-block-quote-is-layout-flow\">\n<p><\/p>\n<\/blockquote>\n\n\n\n<h2 class=\"wp-block-heading\"><a href=\"http:\/\/colegioaugustowinter.cl\/sitio\/wp-content\/uploads\/2024\/12\/BASES-TECNICAS-Y-ADMINISTRATIVAS_CAPACITACION-ESTRATEGIAS-DE-APRENDIZAJE-DE-LA-LECTURA.pdf\" data-type=\"link\" data-id=\"http:\/\/colegioaugustowinter.cl\/sitio\/wp-content\/uploads\/2024\/12\/BASES-TECNICAS-Y-ADMINISTRATIVAS_CAPACITACION-ESTRATEGIAS-DE-APRENDIZAJE-DE-LA-LECTURA.pdf\">http:\/\/colegioaugustowinter.cl\/sitio\/wp-content\/uploads\/2024\/12\/BASES-TECNICAS-Y-ADMINISTRATIVAS_CAPACITACION-ESTRATEGIAS-DE-APRENDIZAJE-DE-LA-LECTURA.pdf<\/a><\/h2>\n\n\n\n<p><\/p>\n","protected":false},"excerpt":{"rendered":"<p>Bases Licitaci\u00f3n:&nbsp;Capacitaci\u00f3n en estrategias efectivas de aprendizajes de la lectura y comprensi\u00f3n lectora como eje transversal del \u00e9xito escolar http:\/\/colegioaugustowinter.cl\/sitio\/wp-content\/uploads\/2024\/12\/BASES-TECNICAS-Y-ADMINISTRATIVAS_CAPACITACION-ESTRATEGIAS-DE-APRENDIZAJE-DE-LA-LECTURA.pdf<\/p>\n","protected":false},"author":5,"featured_media":0,"parent":0,"menu_order":0,"comment_status":"closed","ping_status":"closed","template":"elementor_header_footer","meta":{"footnotes":""},"class_list":["post-5320","page","type-page","status-publish","hentry"],"_links":{"self":[{"href":"http:\/\/colegioaugustowinter.cl\/sitio\/index.php?rest_route=\/wp\/v2\/pages\/5320","targetHints":{"allow":["GET"]}}],"collection":[{"href":"http:\/\/colegioaugustowinter.cl\/sitio\/index.php?rest_route=\/wp\/v2\/pages"}],"about":[{"href":"http:\/\/colegioaugustowinter.cl\/sitio\/index.php?rest_route=\/wp\/v2\/types\/page"}],"author":[{"embeddable":true,"href":"http:\/\/colegioaugustowinter.cl\/sitio\/index.php?rest_route=\/wp\/v2\/users\/5"}],"replies":[{"embeddable":true,"href":"http:\/\/colegioaugustowinter.cl\/sitio\/index.php?rest_route=%2Fwp%2Fv2%2Fcomments&post=5320"}],"version-history":[{"count":2,"href":"http:\/\/colegioaugustowinter.cl\/sitio\/index.php?rest_route=\/wp\/v2\/pages\/5320\/revisions"}],"predecessor-version":[{"id":5323,"href":"http:\/\/colegioaugustowinter.cl\/sitio\/index.php?rest_route=\/wp\/v2\/pages\/5320\/revisions\/5323"}],"wp:attachment":[{"href":"http:\/\/colegioaugustowinter.cl\/sitio\/index.php?rest_route=%2Fwp%2Fv2%2Fmedia&parent=5320"}],"curies":[{"name":"wp","href":"https:\/\/api.w.org\/{rel}","templated":true}]}}