{"id":2280,"date":"2021-08-12T10:35:04","date_gmt":"2021-08-12T13:35:04","guid":{"rendered":"http:\/\/colegioaugustowinter.cl\/sitio\/?page_id=2280"},"modified":"2022-04-13T13:01:48","modified_gmt":"2022-04-13T16:01:48","slug":"taller-de-cheerleaders","status":"publish","type":"page","link":"http:\/\/colegioaugustowinter.cl\/sitio\/?page_id=2280","title":{"rendered":"Taller de Cheerleaders"},"content":{"rendered":"\n<p>El equipo de cheerleaders se basa en trabajar los fundamentos b\u00e1sicos del deporte;&nbsp;motions, saltos, elevaciones, pir\u00e1mides, gimnasia, danza y lanzamiento.&nbsp;<\/p>\n\n\n\n<p>El deporte como tal, es fundamental para el desarrollo de los ni\u00f1os a nivel de superaci\u00f3n personal e inter\u00e9s por la pr\u00e1ctica de actividad f\u00edsica, por otro lado representaran al colegio en diversas actividades tanto a nivel comunal, regional, entre otras, logrando generar una identidad especial por su colegio.&nbsp;<\/p>\n\n\n\n<p><strong>El objetivo de este Taller es&nbsp;<\/strong>crear un grupo representativo del <strong>Colegio Augusto Winter<\/strong>, que sea capaz de reflejar el esp\u00edritu y tradiciones deportivas de la instituci\u00f3n preparando a sus integrantes dentro de una progresi\u00f3n, recreativa-formativa-competitiva, donde el grupo sea capaz de mostrar su trabajo en actividades propias del Cheerleaders, como campamentos, muestras y campeonatos. De igual manera, dar apoyo a diferentes actividades propias del colegio, eventos art\u00edsticos y deportivos, donde se d\u00e9 a conocer su trabajo a la comunidad escolar.&nbsp;<\/p>\n\n\n\n<p>El grupo de alumnas que se considerar\u00e1 es desde 1\u00ba hasta 8\u00b0 b\u00e1sico, los entrenamientos se realizan una vez por semana y est\u00e1n a cargo de la profesora de Educaci\u00f3n F\u00edsica, Arlene Gajardo. <\/p>\n\n\n\n<p>Est\u00e1 dirigido a estudiantes de 1\u00b0 a 8\u00b0 b\u00e1sico.&nbsp;<\/p>\n\n\n\n<p><strong><br>Horarios: viernes de\u00a0 14:00 a 15:30.\u00a0<\/strong><\/p>\n\n\n\n<div class=\"wp-block-gmedia-gallery gmedia-shortcode\"><div class=\"gmedia_gallery amron_module is_bot\" id=\"GmediaGallery_33\" data-gmid=\"33\" data-module=\"amron\"><script type=\"text\/javascript\">\n\t(function() {\n\t\tthis['GmediaGallery_33'] = {\n\t\t\t'settings':{\"collectionThumbRecomendedWidth\":\"260\",\"collectionPreloaderColor\":\"333333\",\"linkTargetWindow\":\"_blank\",\"thumbSpacing\":\"10\",\"tagsFilter\":\"1\",\"tagCloudAll\":\"All\",\"tagCloudTextColor\":\"rgba(0, 0, 0, 1)\",\"tagCloudTextColorOver\":\"rgba(255,255, 255, 1)\",\"tagCloudBgColor\":\"rgba(211, 211, 211, 1)\",\"tagCloudBgColorOver\":\"rgba(11, 11, 11, 1)\",\"collectionThumbHoverColor\":\"rgba(0, 0, 0, .7)\",\"collectionThumbContentBGColor\":\"rgba(245,245,245,1)\",\"collectionThumbTitleShow\":\"1\",\"collectionThumbTitleColor\":\"rgba(0,0,0,1)\",\"collectionThumbFontSize\":\"18\",\"collectionThumbDescriptionShow\":\"1\",\"collectionThumbDescriptionColor\":\"rgba(0,0,0,1)\",\"collectionThumbDescriptionFontSize\":\"15\",\"collectionReadMoreButtonLabel\":\"Read More\",\"collectionReadMoreButtonLabelColor\":\"rgba(255, 255, 255, 1)\",\"collectionReadMoreButtonBGColor\":\"rgba(0, 0, 0, 1)\",\"collectionReadMoreButtonLabelColorHover\":\"rgba(0, 0, 0, 1)\",\"collectionReadMoreButtonBGColorHover\":\"rgba(235,235,235,1)\",\"modaBgColor\":\"rgba(0,0,0,0.9)\",\"modalInfoBoxBgColor\":\"rgba(255,255,255,1)\",\"modalInfoBoxTitleTextColor\":\"000000\",\"modalInfoBoxTextColor\":\"333333\",\"infoBarCountersEnable\":\"1\",\"infoBarDateInfoEnable\":\"1\",\"lightBoxEnable\":\"1\",\"sliderPreloaderColor\":\"ffffff\",\"sliderBgColor\":\"rgba(0,0,0,0.8)\",\"sliderHeaderFooterBgColor\":\"000000\",\"sliderNavigationColor\":\"rgba(0,0,0,1)\",\"sliderNavigationIconColor\":\"rgba(255,255,255,1)\",\"sliderNavigationColorOver\":\"rgba(255,255,255,1)\",\"sliderNavigationIconColorOver\":\"rgba(0,0,0,1)\",\"sliderItemTitleFontSize\":\"24\",\"sliderItemTitleTextColor\":\"ffffff\",\"sliderThumbBarEnable\":\"0\",\"sliderThumbBarHoverColor\":\"ffffff\",\"sliderThumbSubMenuBackgroundColor\":\"rgba(0,0,0,1)\",\"sliderThumbSubMenuBackgroundColorOver\":\"rgba(255,255,255,1)\",\"sliderThumbSubMenuIconColor\":\"rgba(255,255,255,1)\",\"sliderThumbSubMenuIconHoverColor\":\"rgba(0,0,0,1)\",\"sliderInfoEnable\":\"1\",\"sliderItemDownload\":\"1\",\"sliderItemDiscuss\":\"1\",\"sliderSocialShareEnabled\":\"1\",\"sliderLikesEnabled\":\"1\",\"customCSS\":\"\",\"module_url\":\"http:\\\/\\\/colegioaugustowinter.cl\\\/sitio\\\/wp-content\\\/plugins\\\/grand-media\\\/module\\\/amron\",\"license\":\"\",\"post_url\":\"http:\\\/\\\/colegioaugustowinter.cl\\\/sitio?rest_route=wpv2pages2280\"},\n\t\t\t'appQuery':{\"orderby\":\"ID\",\"order\":\"DESC\",\"album__in\":\"32\",\"status\":[\"publish\"],\"limit\":100},\n\t\t\t'appApi':\"http:\\\/\\\/colegioaugustowinter.cl\\\/sitio\\\/?gmedia-app=1&gmappversion=4&gmmodule=1\",\n\t\t\t'appInfo':{\"name\":\"Taller de Cheerleaders\",\"description\":\"\"}};\n\t})();\n<\/script>\n<\/div><\/div>\n","protected":false},"excerpt":{"rendered":"<p>El equipo de cheerleaders se basa en trabajar los fundamentos b\u00e1sicos del deporte;&nbsp;motions, saltos, elevaciones, pir\u00e1mides, gimnasia, danza y lanzamiento.&nbsp; El deporte como tal, es fundamental para el desarrollo de los ni\u00f1os a nivel de superaci\u00f3n personal e inter\u00e9s por la pr\u00e1ctica de actividad f\u00edsica, por otro lado representaran al colegio en diversas actividades tanto [&hellip;]<\/p>\n","protected":false},"author":3,"featured_media":0,"parent":0,"menu_order":0,"comment_status":"closed","ping_status":"closed","template":"","meta":{"footnotes":""},"class_list":["post-2280","page","type-page","status-publish","hentry"],"_links":{"self":[{"href":"http:\/\/colegioaugustowinter.cl\/sitio\/index.php?rest_route=\/wp\/v2\/pages\/2280","targetHints":{"allow":["GET"]}}],"collection":[{"href":"http:\/\/colegioaugustowinter.cl\/sitio\/index.php?rest_route=\/wp\/v2\/pages"}],"about":[{"href":"http:\/\/colegioaugustowinter.cl\/sitio\/index.php?rest_route=\/wp\/v2\/types\/page"}],"author":[{"embeddable":true,"href":"http:\/\/colegioaugustowinter.cl\/sitio\/index.php?rest_route=\/wp\/v2\/users\/3"}],"replies":[{"embeddable":true,"href":"http:\/\/colegioaugustowinter.cl\/sitio\/index.php?rest_route=%2Fwp%2Fv2%2Fcomments&post=2280"}],"version-history":[{"count":5,"href":"http:\/\/colegioaugustowinter.cl\/sitio\/index.php?rest_route=\/wp\/v2\/pages\/2280\/revisions"}],"predecessor-version":[{"id":3530,"href":"http:\/\/colegioaugustowinter.cl\/sitio\/index.php?rest_route=\/wp\/v2\/pages\/2280\/revisions\/3530"}],"wp:attachment":[{"href":"http:\/\/colegioaugustowinter.cl\/sitio\/index.php?rest_route=%2Fwp%2Fv2%2Fmedia&parent=2280"}],"curies":[{"name":"wp","href":"https:\/\/api.w.org\/{rel}","templated":true}]}}