{"id":2021,"date":"2021-08-09T16:52:41","date_gmt":"2021-08-09T19:52:41","guid":{"rendered":"http:\/\/colegioaugustowinter.cl\/sitio\/?page_id=2021"},"modified":"2021-08-11T13:54:53","modified_gmt":"2021-08-11T16:54:53","slug":"mision-vision-valores","status":"publish","type":"page","link":"http:\/\/colegioaugustowinter.cl\/sitio\/?page_id=2021","title":{"rendered":"Misi\u00f3n, Visi\u00f3n, Valores"},"content":{"rendered":"\n<p><strong>Misi\u00f3n<\/strong>:<\/p>\n\n\n\n<p class=\"has-text-align-left\">Desarrollar una educaci\u00f3n equilibrada y capaz de ofrecer oportunidades de aprendizaje de calidad, en los \u00e1mbitos intelectual, espiritual, afectivo y f\u00edsico; mediante una pr\u00e1ctica pedag\u00f3gica integradora y autorrenovante, que permita a los ni\u00f1os, ni\u00f1as y j\u00f3venes rendir al m\u00e1ximo de sus posibilidades personal, para forjarse un camino de superaci\u00f3n.<\/p>\n\n\n\n<p>Ser un Colegio abierto a los intereses y necesidades de su comunidad, promotor de la participaci\u00f3n de sus miembros seg\u00fan sus \u00e1mbitos de competencia y responsabilidades y que favorece la innovaci\u00f3n, la integraci\u00f3n y la colaboraci\u00f3n en todos los espacios educativos.<\/p>\n\n\n\n<p>Ser una organizaci\u00f3n cooperadora de la funci\u00f3n educacional del Estado de Chile, de acuerdo a las normas y orientaciones del Ministerio de Educaci\u00f3n; y que desarrolla su acci\u00f3n de manera eficaz, eficiente y coherente, tanto en los \u00e1mbitos pedag\u00f3gicoformativo, como en el administrativo-financiero.<\/p>\n\n\n\n<p><strong>Visi\u00f3n:<\/strong><\/p>\n\n\n\n<p>El colegio Augusto Winter se proyecta como una instituci\u00f3n educacional innovadora e integradora, orientada a proporcionar a las familias una opci\u00f3n educacional de calidad en un ambiente de acogida y colaboraci\u00f3n, con opciones formativas que aporten al desarrollo de todas las dimensiones de la persona, para que mejoren su calidad de vida.<\/p>\n\n\n\n<p><strong>Valores:<\/strong><\/p>\n\n\n\n<p><strong>Respeto<\/strong>: Como acci\u00f3n de amor, como medio edificante de la humanidad de cada persona, como base para la realizaci\u00f3n de toda la acci\u00f3n educativa y relacional en la comunidad escolar.<\/p>\n\n\n\n<p><strong>Superaci\u00f3n Personal:<\/strong> Basado en un trabajo perseverante, supera las dificultades en los diferentes \u00e1mbitos de la vida, en pos de una mejora personal para una mayor felicidad de s\u00ed mismo y los dem\u00e1s.<\/p>\n\n\n\n<p><strong>Responsabilidad: <\/strong>Actuar y dejar actuar respondiendo a los compromisos de manera diligente y positiva para satisfacer las necesidades y fines personales, institucionales y sociales. <\/p>\n\n\n\n<p><strong>Acogida:<\/strong> Actitud que se manifiesta en la aceptaci\u00f3n de los otros y en una manera afectiva de relacionarse entre los miembros de la comunidad escolar<\/p>\n","protected":false},"excerpt":{"rendered":"<p>Misi\u00f3n: Desarrollar una educaci\u00f3n equilibrada y capaz de ofrecer oportunidades de aprendizaje de calidad, en los \u00e1mbitos intelectual, espiritual, afectivo y f\u00edsico; mediante una pr\u00e1ctica pedag\u00f3gica integradora y autorrenovante, que permita a los ni\u00f1os, ni\u00f1as y j\u00f3venes rendir al m\u00e1ximo de sus posibilidades personal, para forjarse un camino de superaci\u00f3n. Ser un Colegio abierto a [&hellip;]<\/p>\n","protected":false},"author":1,"featured_media":0,"parent":0,"menu_order":0,"comment_status":"closed","ping_status":"closed","template":"","meta":{"footnotes":""},"class_list":["post-2021","page","type-page","status-publish","hentry"],"_links":{"self":[{"href":"http:\/\/colegioaugustowinter.cl\/sitio\/index.php?rest_route=\/wp\/v2\/pages\/2021","targetHints":{"allow":["GET"]}}],"collection":[{"href":"http:\/\/colegioaugustowinter.cl\/sitio\/index.php?rest_route=\/wp\/v2\/pages"}],"about":[{"href":"http:\/\/colegioaugustowinter.cl\/sitio\/index.php?rest_route=\/wp\/v2\/types\/page"}],"author":[{"embeddable":true,"href":"http:\/\/colegioaugustowinter.cl\/sitio\/index.php?rest_route=\/wp\/v2\/users\/1"}],"replies":[{"embeddable":true,"href":"http:\/\/colegioaugustowinter.cl\/sitio\/index.php?rest_route=%2Fwp%2Fv2%2Fcomments&post=2021"}],"version-history":[{"count":3,"href":"http:\/\/colegioaugustowinter.cl\/sitio\/index.php?rest_route=\/wp\/v2\/pages\/2021\/revisions"}],"predecessor-version":[{"id":2226,"href":"http:\/\/colegioaugustowinter.cl\/sitio\/index.php?rest_route=\/wp\/v2\/pages\/2021\/revisions\/2226"}],"wp:attachment":[{"href":"http:\/\/colegioaugustowinter.cl\/sitio\/index.php?rest_route=%2Fwp%2Fv2%2Fmedia&parent=2021"}],"curies":[{"name":"wp","href":"https:\/\/api.w.org\/{rel}","templated":true}]}}