{"id":1446,"date":"2021-08-01T20:58:41","date_gmt":"2021-08-01T23:58:41","guid":{"rendered":"http:\/\/www.colegioaugustowinter.cl\/sitio\/\/?page_id=1446"},"modified":"2025-06-04T17:33:38","modified_gmt":"2025-06-04T20:33:38","slug":"centro-de-padres","status":"publish","type":"page","link":"http:\/\/colegioaugustowinter.cl\/sitio\/?page_id=1446","title":{"rendered":"Centro de Padres 2025"},"content":{"rendered":"\n<p style=\"font-size:17px\">El\u00a0<strong>Centro de Padres<\/strong>\u00a0y Apoderados de nuestro colegio Augusto Winter se ha conformado  con un prop\u00f3sito claro: fortalecer el v\u00ednculo entre la escuela y las familias. <em>&#8220;Nuestro Centro de Padres quiere ser un espacio de encuentro, di\u00e1logo y colaboraci\u00f3n, donde podamos trabajar juntos para brindar el mejor apoyo posible a nuestros hijos e hijas&#8221;.<\/em> <strong><em>Angelina Burgos<\/em><\/strong><\/p>\n\n\n\n<p><strong>Se  proponen:<\/strong><\/p>\n\n\n\n<ul class=\"wp-block-list\">\n<li>Fomentar una comunicaci\u00f3n efectiva entre padres y profesores.<\/li>\n\n\n\n<li>Apoyar el desarrollo acad\u00e9mico y emocional de nuestros hijos.<\/li>\n\n\n\n<li>Organizar actividades que promuevan la integraci\u00f3n y el sentido de comunidad.<\/li>\n\n\n\n<li>Ser un puente entre la escuela y las familias, escuchando y respondiendo a las necesidades de todos.<\/li>\n<\/ul>\n\n\n\n<p style=\"font-size:17px\">Nuestro objetivo es uno solo: trabajar unidos para que nuestros hijos crezcan en un entorno seguro, acompa\u00f1ados y motivados.<\/p>\n\n\n\n<p style=\"font-size:17px\"><\/p>\n\n\n\n<div class=\"wp-block-media-text is-stacked-on-mobile\"><figure class=\"wp-block-media-text__media\"><img fetchpriority=\"high\" decoding=\"async\" width=\"819\" height=\"1024\" src=\"http:\/\/colegioaugustowinter.cl\/sitio\/wp-content\/uploads\/2025\/06\/1-819x1024.png\" alt=\"\" class=\"wp-image-5518 size-full\" srcset=\"http:\/\/colegioaugustowinter.cl\/sitio\/wp-content\/uploads\/2025\/06\/1-819x1024.png 819w, http:\/\/colegioaugustowinter.cl\/sitio\/wp-content\/uploads\/2025\/06\/1-768x960.png 768w, http:\/\/colegioaugustowinter.cl\/sitio\/wp-content\/uploads\/2025\/06\/1-320x400.png 320w, http:\/\/colegioaugustowinter.cl\/sitio\/wp-content\/uploads\/2025\/06\/1-480x600.png 480w, http:\/\/colegioaugustowinter.cl\/sitio\/wp-content\/uploads\/2025\/06\/1-800x1000.png 800w, http:\/\/colegioaugustowinter.cl\/sitio\/wp-content\/uploads\/2025\/06\/1-640x800.png 640w, http:\/\/colegioaugustowinter.cl\/sitio\/wp-content\/uploads\/2025\/06\/1-400x500.png 400w, http:\/\/colegioaugustowinter.cl\/sitio\/wp-content\/uploads\/2025\/06\/1-367x459.png 367w\" sizes=\"(max-width: 819px) 100vw, 819px\" \/><\/figure><div class=\"wp-block-media-text__content\">\n<p class=\"has-medium-font-size\">Angelina Burgos Guajardo<\/p>\n\n\n\n<p><strong>Presidente Centro de Padres y Apoderados<\/strong><\/p>\n<\/div><\/div>\n\n\n\n<div class=\"wp-block-media-text is-stacked-on-mobile\"><figure class=\"wp-block-media-text__media\"><img decoding=\"async\" width=\"819\" height=\"1024\" src=\"http:\/\/colegioaugustowinter.cl\/sitio\/wp-content\/uploads\/2025\/06\/2-1-819x1024.png\" alt=\"\" class=\"wp-image-5521 size-full\" srcset=\"http:\/\/colegioaugustowinter.cl\/sitio\/wp-content\/uploads\/2025\/06\/2-1-819x1024.png 819w, http:\/\/colegioaugustowinter.cl\/sitio\/wp-content\/uploads\/2025\/06\/2-1-768x960.png 768w, http:\/\/colegioaugustowinter.cl\/sitio\/wp-content\/uploads\/2025\/06\/2-1-320x400.png 320w, http:\/\/colegioaugustowinter.cl\/sitio\/wp-content\/uploads\/2025\/06\/2-1-480x600.png 480w, http:\/\/colegioaugustowinter.cl\/sitio\/wp-content\/uploads\/2025\/06\/2-1-800x1000.png 800w, http:\/\/colegioaugustowinter.cl\/sitio\/wp-content\/uploads\/2025\/06\/2-1-640x800.png 640w, http:\/\/colegioaugustowinter.cl\/sitio\/wp-content\/uploads\/2025\/06\/2-1-400x500.png 400w, http:\/\/colegioaugustowinter.cl\/sitio\/wp-content\/uploads\/2025\/06\/2-1-367x459.png 367w\" sizes=\"(max-width: 819px) 100vw, 819px\" \/><\/figure><div class=\"wp-block-media-text__content\">\n<p class=\"has-medium-font-size\">Rebeca Garay Mu\u00f1oz<\/p>\n\n\n\n<p><strong>Secretaria Centro de Padres y Apoderados<\/strong><\/p>\n<\/div><\/div>\n\n\n\n<div class=\"wp-block-media-text is-stacked-on-mobile\"><figure class=\"wp-block-media-text__media\"><img decoding=\"async\" width=\"819\" height=\"1024\" src=\"http:\/\/colegioaugustowinter.cl\/sitio\/wp-content\/uploads\/2025\/06\/3-2-819x1024.png\" alt=\"\" class=\"wp-image-5522 size-full\" srcset=\"http:\/\/colegioaugustowinter.cl\/sitio\/wp-content\/uploads\/2025\/06\/3-2-819x1024.png 819w, http:\/\/colegioaugustowinter.cl\/sitio\/wp-content\/uploads\/2025\/06\/3-2-768x960.png 768w, http:\/\/colegioaugustowinter.cl\/sitio\/wp-content\/uploads\/2025\/06\/3-2-320x400.png 320w, http:\/\/colegioaugustowinter.cl\/sitio\/wp-content\/uploads\/2025\/06\/3-2-480x600.png 480w, http:\/\/colegioaugustowinter.cl\/sitio\/wp-content\/uploads\/2025\/06\/3-2-800x1000.png 800w, http:\/\/colegioaugustowinter.cl\/sitio\/wp-content\/uploads\/2025\/06\/3-2-640x800.png 640w, http:\/\/colegioaugustowinter.cl\/sitio\/wp-content\/uploads\/2025\/06\/3-2-400x500.png 400w, http:\/\/colegioaugustowinter.cl\/sitio\/wp-content\/uploads\/2025\/06\/3-2-367x459.png 367w\" sizes=\"(max-width: 819px) 100vw, 819px\" \/><\/figure><div class=\"wp-block-media-text__content\">\n<p class=\"has-medium-font-size\">Andrea Hern\u00e1ndez Pacheco<\/p>\n\n\n\n<p><strong>Tesorera Centro de Padres y Apoderados<\/strong><\/p>\n<\/div><\/div>\n\n\n\n<p style=\"font-size:17px\"><\/p>\n\n\n\n<figure class=\"wp-block-image size-large\"><img loading=\"lazy\" decoding=\"async\" width=\"576\" height=\"1024\" src=\"http:\/\/colegioaugustowinter.cl\/sitio\/wp-content\/uploads\/2025\/06\/1-1-576x1024.png\" alt=\"\" class=\"wp-image-5528\" srcset=\"http:\/\/colegioaugustowinter.cl\/sitio\/wp-content\/uploads\/2025\/06\/1-1-576x1024.png 576w, http:\/\/colegioaugustowinter.cl\/sitio\/wp-content\/uploads\/2025\/06\/1-1-320x569.png 320w, http:\/\/colegioaugustowinter.cl\/sitio\/wp-content\/uploads\/2025\/06\/1-1-480x853.png 480w, http:\/\/colegioaugustowinter.cl\/sitio\/wp-content\/uploads\/2025\/06\/1-1-400x711.png 400w, http:\/\/colegioaugustowinter.cl\/sitio\/wp-content\/uploads\/2025\/06\/1-1-367x652.png 367w\" sizes=\"(max-width: 576px) 100vw, 576px\" \/><\/figure>\n","protected":false},"excerpt":{"rendered":"<p>El\u00a0Centro de Padres\u00a0y Apoderados de nuestro colegio Augusto Winter se ha conformado con un prop\u00f3sito claro: fortalecer el v\u00ednculo entre la escuela y las familias. &#8220;Nuestro Centro de Padres quiere ser un espacio de encuentro, di\u00e1logo y colaboraci\u00f3n, donde podamos trabajar juntos para brindar el mejor apoyo posible a nuestros hijos e hijas&#8221;. Angelina Burgos [&hellip;]<\/p>\n","protected":false},"author":1,"featured_media":0,"parent":0,"menu_order":0,"comment_status":"closed","ping_status":"closed","template":"","meta":{"footnotes":""},"class_list":["post-1446","page","type-page","status-publish","hentry"],"_links":{"self":[{"href":"http:\/\/colegioaugustowinter.cl\/sitio\/index.php?rest_route=\/wp\/v2\/pages\/1446","targetHints":{"allow":["GET"]}}],"collection":[{"href":"http:\/\/colegioaugustowinter.cl\/sitio\/index.php?rest_route=\/wp\/v2\/pages"}],"about":[{"href":"http:\/\/colegioaugustowinter.cl\/sitio\/index.php?rest_route=\/wp\/v2\/types\/page"}],"author":[{"embeddable":true,"href":"http:\/\/colegioaugustowinter.cl\/sitio\/index.php?rest_route=\/wp\/v2\/users\/1"}],"replies":[{"embeddable":true,"href":"http:\/\/colegioaugustowinter.cl\/sitio\/index.php?rest_route=%2Fwp%2Fv2%2Fcomments&post=1446"}],"version-history":[{"count":11,"href":"http:\/\/colegioaugustowinter.cl\/sitio\/index.php?rest_route=\/wp\/v2\/pages\/1446\/revisions"}],"predecessor-version":[{"id":5530,"href":"http:\/\/colegioaugustowinter.cl\/sitio\/index.php?rest_route=\/wp\/v2\/pages\/1446\/revisions\/5530"}],"wp:attachment":[{"href":"http:\/\/colegioaugustowinter.cl\/sitio\/index.php?rest_route=%2Fwp%2Fv2%2Fmedia&parent=1446"}],"curies":[{"name":"wp","href":"https:\/\/api.w.org\/{rel}","templated":true}]}}