{"id":1444,"date":"2021-08-01T20:58:13","date_gmt":"2021-08-01T23:58:13","guid":{"rendered":"http:\/\/www.colegioaugustowinter.cl\/sitio\/\/?page_id=1444"},"modified":"2025-06-04T17:42:38","modified_gmt":"2025-06-04T20:42:38","slug":"centro-de-estudiantes","status":"publish","type":"page","link":"http:\/\/colegioaugustowinter.cl\/sitio\/?page_id=1444","title":{"rendered":"Centro de Estudiantes"},"content":{"rendered":"\n<p>El Centro de Estudiantes o Centro  de Alumnos, es una organizaci\u00f3n democr\u00e1tica conformada por nuestros estudiantes que buscan el bien com\u00fan de todos los integrantes de la Comunidad Escolar. En el establecimiento est\u00e1 conformado de la siguiente manera:<\/p>\n\n\n\n<figure class=\"wp-block-image size-large is-resized\"><img fetchpriority=\"high\" decoding=\"async\" width=\"1080\" height=\"1350\" src=\"http:\/\/colegioaugustowinter.cl\/sitio\/wp-content\/uploads\/2025\/06\/4-819x1024.png\" alt=\"\" class=\"wp-image-5534\" style=\"width:463px;height:auto\" srcset=\"http:\/\/colegioaugustowinter.cl\/sitio\/wp-content\/uploads\/2025\/06\/4-819x1024.png 819w, http:\/\/colegioaugustowinter.cl\/sitio\/wp-content\/uploads\/2025\/06\/4-768x960.png 768w, http:\/\/colegioaugustowinter.cl\/sitio\/wp-content\/uploads\/2025\/06\/4-320x400.png 320w, http:\/\/colegioaugustowinter.cl\/sitio\/wp-content\/uploads\/2025\/06\/4-480x600.png 480w, http:\/\/colegioaugustowinter.cl\/sitio\/wp-content\/uploads\/2025\/06\/4-800x1000.png 800w, http:\/\/colegioaugustowinter.cl\/sitio\/wp-content\/uploads\/2025\/06\/4-640x800.png 640w, http:\/\/colegioaugustowinter.cl\/sitio\/wp-content\/uploads\/2025\/06\/4-400x500.png 400w, http:\/\/colegioaugustowinter.cl\/sitio\/wp-content\/uploads\/2025\/06\/4-367x459.png 367w, http:\/\/colegioaugustowinter.cl\/sitio\/wp-content\/uploads\/2025\/06\/4.png 1080w\" sizes=\"(max-width: 1080px) 100vw, 1080px\" \/><\/figure>\n\n\n\n<p><\/p>\n\n\n\n<p>PRESIDENTE: Carlos Mu\u00f1oz<br>DELEGADO: Vicente Y\u00e1\u00f1ez<br>SECRETARIO: Brenda burgos<br>TESORERA: Monserrat Toledo<\/p>\n\n\n\n<p>Mario Brizuela San Mart\u00edn                    (Docente asesor )<\/p>\n\n\n\n<p><\/p>\n","protected":false},"excerpt":{"rendered":"<p>El Centro de Estudiantes o Centro de Alumnos, es una organizaci\u00f3n democr\u00e1tica conformada por nuestros estudiantes que buscan el bien com\u00fan de todos los integrantes de la Comunidad Escolar. En el establecimiento est\u00e1 conformado de la siguiente manera: PRESIDENTE: Carlos Mu\u00f1ozDELEGADO: Vicente Y\u00e1\u00f1ezSECRETARIO: Brenda burgosTESORERA: Monserrat Toledo Mario Brizuela San Mart\u00edn (Docente asesor )<\/p>\n","protected":false},"author":1,"featured_media":0,"parent":0,"menu_order":0,"comment_status":"closed","ping_status":"closed","template":"","meta":{"footnotes":""},"class_list":["post-1444","page","type-page","status-publish","hentry"],"_links":{"self":[{"href":"http:\/\/colegioaugustowinter.cl\/sitio\/index.php?rest_route=\/wp\/v2\/pages\/1444","targetHints":{"allow":["GET"]}}],"collection":[{"href":"http:\/\/colegioaugustowinter.cl\/sitio\/index.php?rest_route=\/wp\/v2\/pages"}],"about":[{"href":"http:\/\/colegioaugustowinter.cl\/sitio\/index.php?rest_route=\/wp\/v2\/types\/page"}],"author":[{"embeddable":true,"href":"http:\/\/colegioaugustowinter.cl\/sitio\/index.php?rest_route=\/wp\/v2\/users\/1"}],"replies":[{"embeddable":true,"href":"http:\/\/colegioaugustowinter.cl\/sitio\/index.php?rest_route=%2Fwp%2Fv2%2Fcomments&post=1444"}],"version-history":[{"count":4,"href":"http:\/\/colegioaugustowinter.cl\/sitio\/index.php?rest_route=\/wp\/v2\/pages\/1444\/revisions"}],"predecessor-version":[{"id":5537,"href":"http:\/\/colegioaugustowinter.cl\/sitio\/index.php?rest_route=\/wp\/v2\/pages\/1444\/revisions\/5537"}],"wp:attachment":[{"href":"http:\/\/colegioaugustowinter.cl\/sitio\/index.php?rest_route=%2Fwp%2Fv2%2Fmedia&parent=1444"}],"curies":[{"name":"wp","href":"https:\/\/api.w.org\/{rel}","templated":true}]}}