{"id":1264,"date":"2021-08-01T19:25:00","date_gmt":"2021-08-01T22:25:00","guid":{"rendered":"http:\/\/www.colegioaugustowinter.cl\/sitio\/\/?page_id=1264"},"modified":"2025-12-29T14:55:13","modified_gmt":"2025-12-29T17:55:13","slug":"profesores-de-asignatura","status":"publish","type":"page","link":"http:\/\/colegioaugustowinter.cl\/sitio\/?page_id=1264","title":{"rendered":"Profesores de Asignatura"},"content":{"rendered":"\n<div class=\"wp-block-media-text alignwide is-stacked-on-mobile\" style=\"grid-template-columns:15% auto\"><figure class=\"wp-block-media-text__media\"><img fetchpriority=\"high\" decoding=\"async\" width=\"1080\" height=\"1350\" src=\"http:\/\/colegioaugustowinter.cl\/sitio\/wp-content\/uploads\/2025\/03\/4-819x1024.png\" alt=\"\" class=\"wp-image-5417 size-full\" srcset=\"http:\/\/colegioaugustowinter.cl\/sitio\/wp-content\/uploads\/2025\/03\/4-819x1024.png 819w, http:\/\/colegioaugustowinter.cl\/sitio\/wp-content\/uploads\/2025\/03\/4-768x960.png 768w, http:\/\/colegioaugustowinter.cl\/sitio\/wp-content\/uploads\/2025\/03\/4-320x400.png 320w, http:\/\/colegioaugustowinter.cl\/sitio\/wp-content\/uploads\/2025\/03\/4-480x600.png 480w, http:\/\/colegioaugustowinter.cl\/sitio\/wp-content\/uploads\/2025\/03\/4-800x1000.png 800w, http:\/\/colegioaugustowinter.cl\/sitio\/wp-content\/uploads\/2025\/03\/4-640x800.png 640w, http:\/\/colegioaugustowinter.cl\/sitio\/wp-content\/uploads\/2025\/03\/4-400x500.png 400w, http:\/\/colegioaugustowinter.cl\/sitio\/wp-content\/uploads\/2025\/03\/4-367x459.png 367w, http:\/\/colegioaugustowinter.cl\/sitio\/wp-content\/uploads\/2025\/03\/4.png 1080w\" sizes=\"(max-width: 1080px) 100vw, 1080px\" \/><\/figure><div class=\"wp-block-media-text__content\">\n<p class=\"has-large-font-size\"><strong><span style=\"color:#1a6d91\" class=\"has-inline-color\">Gonzalo Rojas <\/span><\/strong><\/p>\n\n\n\n<p><strong>Profesor de Historia y CC. SS de 5\u00b0 a 7\u00b0 <\/strong><\/p>\n\n\n\n<p><a href=\"mailto:gonzalo.rojas@colegioaugustowinter.cl\">gonzalo.rojas@colegioaugustowinter.cl <\/a><\/p>\n<\/div><\/div>\n\n\n\n<div class=\"wp-block-media-text alignwide is-stacked-on-mobile\" style=\"grid-template-columns:15% auto\"><figure class=\"wp-block-media-text__media\"><img decoding=\"async\" width=\"819\" height=\"1024\" src=\"http:\/\/colegioaugustowinter.cl\/sitio\/wp-content\/uploads\/2025\/04\/Beige-Brown-Animated-Autumn-Harvest-Photo-Collage-Instagram-Reel-1080-x-1350-px-3-1-819x1024.png\" alt=\"\" class=\"wp-image-5466 size-full\" srcset=\"http:\/\/colegioaugustowinter.cl\/sitio\/wp-content\/uploads\/2025\/04\/Beige-Brown-Animated-Autumn-Harvest-Photo-Collage-Instagram-Reel-1080-x-1350-px-3-1-819x1024.png 819w, http:\/\/colegioaugustowinter.cl\/sitio\/wp-content\/uploads\/2025\/04\/Beige-Brown-Animated-Autumn-Harvest-Photo-Collage-Instagram-Reel-1080-x-1350-px-3-1-768x960.png 768w, http:\/\/colegioaugustowinter.cl\/sitio\/wp-content\/uploads\/2025\/04\/Beige-Brown-Animated-Autumn-Harvest-Photo-Collage-Instagram-Reel-1080-x-1350-px-3-1-320x400.png 320w, http:\/\/colegioaugustowinter.cl\/sitio\/wp-content\/uploads\/2025\/04\/Beige-Brown-Animated-Autumn-Harvest-Photo-Collage-Instagram-Reel-1080-x-1350-px-3-1-480x600.png 480w, http:\/\/colegioaugustowinter.cl\/sitio\/wp-content\/uploads\/2025\/04\/Beige-Brown-Animated-Autumn-Harvest-Photo-Collage-Instagram-Reel-1080-x-1350-px-3-1-800x1000.png 800w, http:\/\/colegioaugustowinter.cl\/sitio\/wp-content\/uploads\/2025\/04\/Beige-Brown-Animated-Autumn-Harvest-Photo-Collage-Instagram-Reel-1080-x-1350-px-3-1-640x800.png 640w, http:\/\/colegioaugustowinter.cl\/sitio\/wp-content\/uploads\/2025\/04\/Beige-Brown-Animated-Autumn-Harvest-Photo-Collage-Instagram-Reel-1080-x-1350-px-3-1-400x500.png 400w, http:\/\/colegioaugustowinter.cl\/sitio\/wp-content\/uploads\/2025\/04\/Beige-Brown-Animated-Autumn-Harvest-Photo-Collage-Instagram-Reel-1080-x-1350-px-3-1-367x459.png 367w\" sizes=\"(max-width: 819px) 100vw, 819px\" \/><\/figure><div class=\"wp-block-media-text__content\">\n<p class=\"has-large-font-size\"><strong><span style=\"color:#1a6d91\" class=\"has-inline-color\"> Jos\u00e9 Luis Velasco  <\/span><\/strong><\/p>\n\n\n\n<p><strong>Profesor de Historia y CC. SS  8\u00b0 b\u00e1sico <\/strong><\/p>\n\n\n\n<p><a href=\"mailto:gonzalo.rojas@colegioaugustowinter.cl\">joseluis.velasco@colegioaugustowinter.cl<\/a><\/p>\n<\/div><\/div>\n\n\n\n<div class=\"wp-block-media-text alignwide is-stacked-on-mobile\" style=\"grid-template-columns:15% auto\"><figure class=\"wp-block-media-text__media\"><img decoding=\"async\" width=\"819\" height=\"1024\" src=\"http:\/\/colegioaugustowinter.cl\/sitio\/wp-content\/uploads\/2025\/03\/1-2-819x1024.png\" alt=\"\" class=\"wp-image-5437 size-full\" srcset=\"http:\/\/colegioaugustowinter.cl\/sitio\/wp-content\/uploads\/2025\/03\/1-2-819x1024.png 819w, http:\/\/colegioaugustowinter.cl\/sitio\/wp-content\/uploads\/2025\/03\/1-2-768x960.png 768w, http:\/\/colegioaugustowinter.cl\/sitio\/wp-content\/uploads\/2025\/03\/1-2-320x400.png 320w, http:\/\/colegioaugustowinter.cl\/sitio\/wp-content\/uploads\/2025\/03\/1-2-480x600.png 480w, http:\/\/colegioaugustowinter.cl\/sitio\/wp-content\/uploads\/2025\/03\/1-2-800x1000.png 800w, http:\/\/colegioaugustowinter.cl\/sitio\/wp-content\/uploads\/2025\/03\/1-2-640x800.png 640w, http:\/\/colegioaugustowinter.cl\/sitio\/wp-content\/uploads\/2025\/03\/1-2-400x500.png 400w, http:\/\/colegioaugustowinter.cl\/sitio\/wp-content\/uploads\/2025\/03\/1-2-367x459.png 367w\" sizes=\"(max-width: 819px) 100vw, 819px\" \/><\/figure><div class=\"wp-block-media-text__content\">\n<p class=\"has-large-font-size\"><strong><span style=\"color:#1a6d91\" class=\"has-inline-color\">Karina Jara<\/span><\/strong><\/p>\n\n\n\n<p><strong>Profesora de ciencias y tecnolog\u00eda<\/strong><\/p>\n\n\n\n<p><a href=\"mailto:gonzalo.rojas@colegioaugustowinter.cl\">Karina.jara@colegioaugustowinter.cl<\/a><\/p>\n<\/div><\/div>\n\n\n\n<div class=\"wp-block-media-text alignwide is-stacked-on-mobile\" style=\"grid-template-columns:15% auto\"><figure class=\"wp-block-media-text__media\"><img loading=\"lazy\" decoding=\"async\" width=\"819\" height=\"1024\" src=\"http:\/\/colegioaugustowinter.cl\/sitio\/wp-content\/uploads\/2025\/03\/13-1-819x1024.png\" alt=\"\" class=\"wp-image-5438 size-full\" srcset=\"http:\/\/colegioaugustowinter.cl\/sitio\/wp-content\/uploads\/2025\/03\/13-1-819x1024.png 819w, http:\/\/colegioaugustowinter.cl\/sitio\/wp-content\/uploads\/2025\/03\/13-1-768x960.png 768w, http:\/\/colegioaugustowinter.cl\/sitio\/wp-content\/uploads\/2025\/03\/13-1-320x400.png 320w, http:\/\/colegioaugustowinter.cl\/sitio\/wp-content\/uploads\/2025\/03\/13-1-480x600.png 480w, http:\/\/colegioaugustowinter.cl\/sitio\/wp-content\/uploads\/2025\/03\/13-1-800x1000.png 800w, http:\/\/colegioaugustowinter.cl\/sitio\/wp-content\/uploads\/2025\/03\/13-1-640x800.png 640w, http:\/\/colegioaugustowinter.cl\/sitio\/wp-content\/uploads\/2025\/03\/13-1-400x500.png 400w, http:\/\/colegioaugustowinter.cl\/sitio\/wp-content\/uploads\/2025\/03\/13-1-367x459.png 367w\" sizes=\"(max-width: 819px) 100vw, 819px\" \/><\/figure><div class=\"wp-block-media-text__content\">\n<p class=\"has-large-font-size\"><strong><span style=\"color:#1a6d91\" class=\"has-inline-color\">Alejandra Riquelme<\/span><\/strong><\/p>\n\n\n\n<p><strong>Profesora de Lenguaje 5\u00b0 a 8\u00b0 B\u00e1sico<\/strong><\/p>\n\n\n\n<p><a href=\"mailto:gonzalo.rojas@colegioaugustowinter.cl\">Alejandra.riquelme@colegioaugustowinter.cl<\/a><\/p>\n<\/div><\/div>\n\n\n\n<div class=\"wp-block-media-text alignwide is-stacked-on-mobile\" style=\"grid-template-columns:15% auto\"><figure class=\"wp-block-media-text__media\"><img loading=\"lazy\" decoding=\"async\" width=\"819\" height=\"1024\" src=\"http:\/\/colegioaugustowinter.cl\/sitio\/wp-content\/uploads\/2025\/03\/2-819x1024.png\" alt=\"\" class=\"wp-image-5404 size-full\" srcset=\"http:\/\/colegioaugustowinter.cl\/sitio\/wp-content\/uploads\/2025\/03\/2-819x1024.png 819w, http:\/\/colegioaugustowinter.cl\/sitio\/wp-content\/uploads\/2025\/03\/2-768x960.png 768w, http:\/\/colegioaugustowinter.cl\/sitio\/wp-content\/uploads\/2025\/03\/2-320x400.png 320w, http:\/\/colegioaugustowinter.cl\/sitio\/wp-content\/uploads\/2025\/03\/2-480x600.png 480w, http:\/\/colegioaugustowinter.cl\/sitio\/wp-content\/uploads\/2025\/03\/2-800x1000.png 800w, http:\/\/colegioaugustowinter.cl\/sitio\/wp-content\/uploads\/2025\/03\/2-640x800.png 640w, http:\/\/colegioaugustowinter.cl\/sitio\/wp-content\/uploads\/2025\/03\/2-400x500.png 400w, http:\/\/colegioaugustowinter.cl\/sitio\/wp-content\/uploads\/2025\/03\/2-367x459.png 367w\" sizes=\"(max-width: 819px) 100vw, 819px\" \/><\/figure><div class=\"wp-block-media-text__content\">\n<p class=\"has-large-font-size\"><strong><span style=\"color:#1a6d91\" class=\"has-inline-color\">Ana Mar\u00eda Carvallo  <\/span><\/strong><\/p>\n\n\n\n<p><strong>Profesora de Ingl\u00e9s de Educaci\u00f3n Parvular\u00eda   <\/strong><\/p>\n\n\n\n<p><a href=\"mailto:gonzalo.rojas@colegioaugustowinter.cl\">ana.carvallo@<\/a><a href=\"mailto:ana.carvallo@colegioaugustowinter.cl\">colegioaugustowinter<\/a><a href=\"mailto:gonzalo.rojas@colegioaugustowinter.cl\">.cl<\/a><\/p>\n<\/div><\/div>\n\n\n\n<div class=\"wp-block-media-text alignwide is-stacked-on-mobile\" style=\"grid-template-columns:15% auto\"><figure class=\"wp-block-media-text__media\"><img loading=\"lazy\" decoding=\"async\" width=\"819\" height=\"1024\" src=\"http:\/\/colegioaugustowinter.cl\/sitio\/wp-content\/uploads\/2025\/03\/2-2-819x1024.png\" alt=\"\" class=\"wp-image-5416 size-full\" srcset=\"http:\/\/colegioaugustowinter.cl\/sitio\/wp-content\/uploads\/2025\/03\/2-2-819x1024.png 819w, http:\/\/colegioaugustowinter.cl\/sitio\/wp-content\/uploads\/2025\/03\/2-2-768x960.png 768w, http:\/\/colegioaugustowinter.cl\/sitio\/wp-content\/uploads\/2025\/03\/2-2-320x400.png 320w, http:\/\/colegioaugustowinter.cl\/sitio\/wp-content\/uploads\/2025\/03\/2-2-480x600.png 480w, http:\/\/colegioaugustowinter.cl\/sitio\/wp-content\/uploads\/2025\/03\/2-2-800x1000.png 800w, http:\/\/colegioaugustowinter.cl\/sitio\/wp-content\/uploads\/2025\/03\/2-2-640x800.png 640w, http:\/\/colegioaugustowinter.cl\/sitio\/wp-content\/uploads\/2025\/03\/2-2-400x500.png 400w, http:\/\/colegioaugustowinter.cl\/sitio\/wp-content\/uploads\/2025\/03\/2-2-367x459.png 367w\" sizes=\"(max-width: 819px) 100vw, 819px\" \/><\/figure><div class=\"wp-block-media-text__content\">\n<p class=\"has-large-font-size\"><strong><span style=\"color:#1a6d91\" class=\"has-inline-color\">Arlene Gajardo <\/span><\/strong><\/p>\n\n\n\n<p><strong>Profesora de Educaci\u00f3n F\u00edsica y Deporte <\/strong><\/p>\n\n\n\n<p><a href=\"mailto:arlene.gajardo@colegioaugustowinter.cl\">arlene.gajardo@colegioaugustowinter.cl <\/a><\/p>\n<\/div><\/div>\n\n\n\n<div class=\"wp-block-media-text alignwide is-stacked-on-mobile\" style=\"grid-template-columns:15% auto\"><figure class=\"wp-block-media-text__media\"><img loading=\"lazy\" decoding=\"async\" width=\"819\" height=\"1024\" src=\"http:\/\/colegioaugustowinter.cl\/sitio\/wp-content\/uploads\/2025\/03\/5-819x1024.png\" alt=\"\" class=\"wp-image-5415 size-full\" srcset=\"http:\/\/colegioaugustowinter.cl\/sitio\/wp-content\/uploads\/2025\/03\/5-819x1024.png 819w, http:\/\/colegioaugustowinter.cl\/sitio\/wp-content\/uploads\/2025\/03\/5-768x960.png 768w, http:\/\/colegioaugustowinter.cl\/sitio\/wp-content\/uploads\/2025\/03\/5-320x400.png 320w, http:\/\/colegioaugustowinter.cl\/sitio\/wp-content\/uploads\/2025\/03\/5-480x600.png 480w, http:\/\/colegioaugustowinter.cl\/sitio\/wp-content\/uploads\/2025\/03\/5-800x1000.png 800w, http:\/\/colegioaugustowinter.cl\/sitio\/wp-content\/uploads\/2025\/03\/5-640x800.png 640w, http:\/\/colegioaugustowinter.cl\/sitio\/wp-content\/uploads\/2025\/03\/5-400x500.png 400w, http:\/\/colegioaugustowinter.cl\/sitio\/wp-content\/uploads\/2025\/03\/5-367x459.png 367w\" sizes=\"(max-width: 819px) 100vw, 819px\" \/><\/figure><div class=\"wp-block-media-text__content\">\n<p class=\"has-large-font-size\"><strong><span class=\"has-inline-color\"><font color=\"#1a6d91\">Mauricio <span style=\"caret-color: rgb(26, 109, 145);\">Rojas<\/span> <\/font><\/span><\/strong><\/p>\n\n\n\n<p><strong>Profesora de M\u00fasica 5 \u00b0 a 8\u00b0 <\/strong><\/p>\n\n\n\n<p><a href=\"mailto: paula.inzunza@colegioaugustowinter.cl\" data-type=\"mailto\" data-id=\"mailto: paula.inzunza@colegioaugustowinter.cl\">Mauricio.rojas@colegioaugustowinter.cl<\/a><\/p>\n<\/div><\/div>\n\n\n\n<div class=\"wp-block-media-text alignwide is-stacked-on-mobile\" style=\"grid-template-columns:15% auto\"><figure class=\"wp-block-media-text__media\"><img loading=\"lazy\" decoding=\"async\" width=\"819\" height=\"1024\" src=\"http:\/\/colegioaugustowinter.cl\/sitio\/wp-content\/uploads\/2025\/03\/12-819x1024.png\" alt=\"\" class=\"wp-image-5436 size-full\" srcset=\"http:\/\/colegioaugustowinter.cl\/sitio\/wp-content\/uploads\/2025\/03\/12-819x1024.png 819w, http:\/\/colegioaugustowinter.cl\/sitio\/wp-content\/uploads\/2025\/03\/12-768x960.png 768w, http:\/\/colegioaugustowinter.cl\/sitio\/wp-content\/uploads\/2025\/03\/12-320x400.png 320w, http:\/\/colegioaugustowinter.cl\/sitio\/wp-content\/uploads\/2025\/03\/12-480x600.png 480w, http:\/\/colegioaugustowinter.cl\/sitio\/wp-content\/uploads\/2025\/03\/12-800x1000.png 800w, http:\/\/colegioaugustowinter.cl\/sitio\/wp-content\/uploads\/2025\/03\/12-640x800.png 640w, http:\/\/colegioaugustowinter.cl\/sitio\/wp-content\/uploads\/2025\/03\/12-400x500.png 400w, http:\/\/colegioaugustowinter.cl\/sitio\/wp-content\/uploads\/2025\/03\/12-367x459.png 367w\" sizes=\"(max-width: 819px) 100vw, 819px\" \/><\/figure><div class=\"wp-block-media-text__content\">\n<p class=\"has-large-font-size\"><strong><span class=\"has-inline-color\"><font color=\"#1a6d91\">Jazmine Torres<\/font><\/span><\/strong><\/p>\n\n\n\n<p><strong>Profesora de Religi\u00f3n 1 \u00b0 a 8\u00b0 B\u00e1sico <\/strong><\/p>\n\n\n\n<p><a href=\"mailto: paula.inzunza@colegioaugustowinter.cl\" data-type=\"mailto\" data-id=\"mailto: paula.inzunza@colegioaugustowinter.cl\">Jazmine.torres@colegioaugustowinter.cl<\/a><\/p>\n<\/div><\/div>\n\n\n\n<div class=\"wp-block-media-text alignwide is-stacked-on-mobile\" style=\"grid-template-columns:15% auto\"><figure class=\"wp-block-media-text__media\"><img loading=\"lazy\" decoding=\"async\" width=\"819\" height=\"1024\" src=\"http:\/\/colegioaugustowinter.cl\/sitio\/wp-content\/uploads\/2025\/03\/3-819x1024.png\" alt=\"\" class=\"wp-image-5425 size-full\" srcset=\"http:\/\/colegioaugustowinter.cl\/sitio\/wp-content\/uploads\/2025\/03\/3-819x1024.png 819w, http:\/\/colegioaugustowinter.cl\/sitio\/wp-content\/uploads\/2025\/03\/3-768x960.png 768w, http:\/\/colegioaugustowinter.cl\/sitio\/wp-content\/uploads\/2025\/03\/3-320x400.png 320w, http:\/\/colegioaugustowinter.cl\/sitio\/wp-content\/uploads\/2025\/03\/3-480x600.png 480w, http:\/\/colegioaugustowinter.cl\/sitio\/wp-content\/uploads\/2025\/03\/3-800x1000.png 800w, http:\/\/colegioaugustowinter.cl\/sitio\/wp-content\/uploads\/2025\/03\/3-640x800.png 640w, http:\/\/colegioaugustowinter.cl\/sitio\/wp-content\/uploads\/2025\/03\/3-400x500.png 400w, http:\/\/colegioaugustowinter.cl\/sitio\/wp-content\/uploads\/2025\/03\/3-367x459.png 367w\" sizes=\"(max-width: 819px) 100vw, 819px\" \/><\/figure><div class=\"wp-block-media-text__content\">\n<p class=\"has-large-font-size\"><strong><span style=\"color:#1a6d91\" class=\"has-inline-color\">Daniela Torres Torres<\/span><\/strong><\/p>\n\n\n\n<p><strong>Profesor de Tecnolog\u00eda  1 \u00b0 a 4\u00b0 B\u00e1sico <\/strong><\/p>\n\n\n\n<p><a href=\"mailto:rodrigo.valenzuela@colegioaugustowinter.cl\">Daniela.torres@colegioaugustowinter.cl<\/a><\/p>\n<\/div><\/div>\n\n\n\n<p><\/p>\n","protected":false},"excerpt":{"rendered":"<p>Gonzalo Rojas Profesor de Historia y CC. SS de 5\u00b0 a 7\u00b0 gonzalo.rojas@colegioaugustowinter.cl Jos\u00e9 Luis Velasco Profesor de Historia y CC. SS 8\u00b0 b\u00e1sico joseluis.velasco@colegioaugustowinter.cl Karina Jara Profesora de ciencias y tecnolog\u00eda Karina.jara@colegioaugustowinter.cl Alejandra Riquelme Profesora de Lenguaje 5\u00b0 a 8\u00b0 B\u00e1sico Alejandra.riquelme@colegioaugustowinter.cl Ana Mar\u00eda Carvallo Profesora de Ingl\u00e9s de Educaci\u00f3n Parvular\u00eda ana.carvallo@colegioaugustowinter.cl Arlene Gajardo [&hellip;]<\/p>\n","protected":false},"author":1,"featured_media":0,"parent":0,"menu_order":0,"comment_status":"closed","ping_status":"closed","template":"","meta":{"footnotes":""},"class_list":["post-1264","page","type-page","status-publish","hentry"],"_links":{"self":[{"href":"http:\/\/colegioaugustowinter.cl\/sitio\/index.php?rest_route=\/wp\/v2\/pages\/1264","targetHints":{"allow":["GET"]}}],"collection":[{"href":"http:\/\/colegioaugustowinter.cl\/sitio\/index.php?rest_route=\/wp\/v2\/pages"}],"about":[{"href":"http:\/\/colegioaugustowinter.cl\/sitio\/index.php?rest_route=\/wp\/v2\/types\/page"}],"author":[{"embeddable":true,"href":"http:\/\/colegioaugustowinter.cl\/sitio\/index.php?rest_route=\/wp\/v2\/users\/1"}],"replies":[{"embeddable":true,"href":"http:\/\/colegioaugustowinter.cl\/sitio\/index.php?rest_route=%2Fwp%2Fv2%2Fcomments&post=1264"}],"version-history":[{"count":26,"href":"http:\/\/colegioaugustowinter.cl\/sitio\/index.php?rest_route=\/wp\/v2\/pages\/1264\/revisions"}],"predecessor-version":[{"id":5658,"href":"http:\/\/colegioaugustowinter.cl\/sitio\/index.php?rest_route=\/wp\/v2\/pages\/1264\/revisions\/5658"}],"wp:attachment":[{"href":"http:\/\/colegioaugustowinter.cl\/sitio\/index.php?rest_route=%2Fwp%2Fv2%2Fmedia&parent=1264"}],"curies":[{"name":"wp","href":"https:\/\/api.w.org\/{rel}","templated":true}]}}