{"id":1243,"date":"2021-08-01T19:16:14","date_gmt":"2021-08-01T22:16:14","guid":{"rendered":"http:\/\/www.colegioaugustowinter.cl\/sitio\/\/?page_id=1243"},"modified":"2025-03-27T12:22:35","modified_gmt":"2025-03-27T15:22:35","slug":"saludo-director","status":"publish","type":"page","link":"http:\/\/colegioaugustowinter.cl\/sitio\/?page_id=1243","title":{"rendered":"Saludo del Director"},"content":{"rendered":"\n<p><\/p>\n\n\n\n<figure class=\"wp-block-image size-full is-resized wp-duotone-unset-1\"><img fetchpriority=\"high\" decoding=\"async\" width=\"640\" height=\"640\" src=\"http:\/\/colegioaugustowinter.cl\/sitio\/wp-content\/uploads\/2025\/03\/PHOTO-2025-03-13-12-29-31-3.jpg\" alt=\"\" class=\"wp-image-5458\" style=\"width:210px;height:auto\" srcset=\"http:\/\/colegioaugustowinter.cl\/sitio\/wp-content\/uploads\/2025\/03\/PHOTO-2025-03-13-12-29-31-3.jpg 640w, http:\/\/colegioaugustowinter.cl\/sitio\/wp-content\/uploads\/2025\/03\/PHOTO-2025-03-13-12-29-31-3-320x320.jpg 320w, http:\/\/colegioaugustowinter.cl\/sitio\/wp-content\/uploads\/2025\/03\/PHOTO-2025-03-13-12-29-31-3-480x480.jpg 480w, http:\/\/colegioaugustowinter.cl\/sitio\/wp-content\/uploads\/2025\/03\/PHOTO-2025-03-13-12-29-31-3-400x400.jpg 400w, http:\/\/colegioaugustowinter.cl\/sitio\/wp-content\/uploads\/2025\/03\/PHOTO-2025-03-13-12-29-31-3-560x560.jpg 560w, http:\/\/colegioaugustowinter.cl\/sitio\/wp-content\/uploads\/2025\/03\/PHOTO-2025-03-13-12-29-31-3-367x367.jpg 367w\" sizes=\"(max-width: 640px) 100vw, 640px\" \/><\/figure>\n\n\n\n<p><\/p>\n\n\n\n<p class=\"has-text-align-left\">Estimada Comunidad Educativa, a trav\u00e9s de estas l\u00edneas quiero expresarles mi m\u00e1s cordial saludo a cada uno de ustedes.<\/p>\n\n\n\n<p class=\"has-text-align-left\">Les invito a seguir avanzando por la senda del buen camino, comprometi\u00e9ndonos a\u00fan m\u00e1s con nuestro Proyecto Educativo Institucional, haciendo cada vez m\u00e1s grande el prestigio de nuestro Colegio Augusto Winter.<\/p>\n\n\n\n<p>Reconociendo y destacando el enorme trabajo que todo este gran grupo humano ha alcanzado durante todos estos a\u00f1os. Logros obtenidos que nos posicionan como una de las instituciones de excelencia en la comuna. <\/p>\n\n\n\n<p class=\"has-text-align-left\">El Colegio Augusto Winter arrib\u00f3 en el 2024 a su aniversario n\u00famero 42.&nbsp;&nbsp;Cada uno de los que componen la comunidad educativa (educadores, alumnos, apoderados, asistentes) son muy importantes para llevar a cabo nuestro Proyecto Educativo Institucional (PEI), siendo nuestra principal misi\u00f3n la educaci\u00f3n de cada uno de los alumnos.<\/p>\n\n\n\n<p>Los animo a cada uno a realizar los mayores y mejores esfuerzos para aprender, para compartir y por cierto para cuidarnos, nuestras ni\u00f1as y ni\u00f1os son quienes nos motivan a realizar todo lo que est\u00e9 a nuestro alcance y cumplir con estos desaf\u00edos.<\/p>\n\n\n\n<p>\u00c9xitos a cada uno y un abrazo fraternal. \u00a1Feliz A\u00f1o Escolar 2024!<\/p>\n\n\n\n<p class=\"has-text-align-right\"><strong>Atentamente<\/strong><\/p>\n\n\n\n<p class=\"has-text-align-right\"><strong>Gonzalo Rojas M.<\/strong><\/p>\n\n\n\n<p class=\"has-text-align-right\"><strong>Director<\/strong><\/p>\n\n\n","protected":false},"excerpt":{"rendered":"<p>Estimada Comunidad Educativa, a trav\u00e9s de estas l\u00edneas quiero expresarles mi m\u00e1s cordial saludo a cada uno de ustedes. Les invito a seguir avanzando por la senda del buen camino, comprometi\u00e9ndonos a\u00fan m\u00e1s con nuestro Proyecto Educativo Institucional, haciendo cada vez m\u00e1s grande el prestigio de nuestro Colegio Augusto Winter. Reconociendo y destacando el enorme [&hellip;]<\/p>\n","protected":false},"author":1,"featured_media":0,"parent":0,"menu_order":0,"comment_status":"closed","ping_status":"closed","template":"","meta":{"footnotes":""},"class_list":["post-1243","page","type-page","status-publish","hentry"],"_links":{"self":[{"href":"http:\/\/colegioaugustowinter.cl\/sitio\/index.php?rest_route=\/wp\/v2\/pages\/1243","targetHints":{"allow":["GET"]}}],"collection":[{"href":"http:\/\/colegioaugustowinter.cl\/sitio\/index.php?rest_route=\/wp\/v2\/pages"}],"about":[{"href":"http:\/\/colegioaugustowinter.cl\/sitio\/index.php?rest_route=\/wp\/v2\/types\/page"}],"author":[{"embeddable":true,"href":"http:\/\/colegioaugustowinter.cl\/sitio\/index.php?rest_route=\/wp\/v2\/users\/1"}],"replies":[{"embeddable":true,"href":"http:\/\/colegioaugustowinter.cl\/sitio\/index.php?rest_route=%2Fwp%2Fv2%2Fcomments&post=1243"}],"version-history":[{"count":13,"href":"http:\/\/colegioaugustowinter.cl\/sitio\/index.php?rest_route=\/wp\/v2\/pages\/1243\/revisions"}],"predecessor-version":[{"id":5460,"href":"http:\/\/colegioaugustowinter.cl\/sitio\/index.php?rest_route=\/wp\/v2\/pages\/1243\/revisions\/5460"}],"wp:attachment":[{"href":"http:\/\/colegioaugustowinter.cl\/sitio\/index.php?rest_route=%2Fwp%2Fv2%2Fmedia&parent=1243"}],"curies":[{"name":"wp","href":"https:\/\/api.w.org\/{rel}","templated":true}]}}